{"id":298,"date":"2017-11-13T08:11:58","date_gmt":"2017-11-13T08:11:58","guid":{"rendered":"http:\/\/vidadigital.eu\/padres-madres\/"},"modified":"2017-11-27T09:51:25","modified_gmt":"2017-11-27T09:51:25","slug":"padres-madres","status":"publish","type":"page","link":"https:\/\/vidadigital.eu\/es\/padres-madres\/","title":{"rendered":"Padres Madres"},"content":{"rendered":"<p>[et_pb_section fb_built=\u00bb1&#8243; _builder_version=\u00bb3.0.78&#8243; use_background_color_gradient=\u00bbon\u00bb background_color_gradient_start=\u00bb#ffffff\u00bb background_color_gradient_end=\u00bb#E1E7F3&#8243;][et_pb_row _builder_version=\u00bb3.0.78&#8243;][et_pb_column type=\u00bb1_2&#8243; _builder_version=\u00bb3.0.78&#8243; parallax=\u00bboff\u00bb parallax_method=\u00bbon\u00bb][et_pb_text _builder_version=\u00bb3.0.78&#8243;]<\/p>\n<h1>Padres y Madres<\/h1>\n<p><strong style=\"color: #627aba;\">Vida Digital + Segura<\/strong>\u00a0es una iniciativa conjunta de el Instituto Balear de la Juventud (IB-Jove), la Oficina de Defensa de los Derechos del Menor (ODDM), el Instituto para la Convivencia y el \u00c9xito Escolar (Conviv\u00e8xit), el Instituto de Seguridad P\u00fablica de las Islas Baleares (ISPIB), la Guardia Civil y el Cuerpo Nacional de Polic\u00eda.<\/p>\n<p>Nuestro objetivo es ayudarte a resolver posibles conflictos o problemas que le pueden ir surgiendo a tus hijos mientras usan Internet. As\u00ed como conseguir que usen las tecnolog\u00edas de la forma m\u00e1s satisfactoria posible y ofrecerte recomendaciones sobre el uso seguro de las diferentes herramientas.[\/et_pb_text][\/et_pb_column][et_pb_column type=\u00bb1_2&#8243; _builder_version=\u00bb3.0.78&#8243; parallax=\u00bboff\u00bb parallax_method=\u00bbon\u00bb][et_pb_contact_form title=\u00bbEscr\u00edbenos!\u00bb form_background_color=\u00bb#ffffff\u00bb module_id=\u00bbet_pb_contact_form_0&#8243; _builder_version=\u00bb3.0.78&#8243; use_border_color=\u00bbon\u00bb border_color=\u00bbrgba(143,171,193,0.5)\u00bb border_width=\u00bb2px\u00bb][et_pb_contact_field field_id=\u00bbName\u00bb field_title=\u00bbNombre (Opcional)\u00bb required_mark=\u00bboff\u00bb _builder_version=\u00bb3.0.78&#8243;][\/et_pb_contact_field][et_pb_contact_field field_id=\u00bbEmail\u00bb field_title=\u00bbDirecci\u00f3n de correo electr\u00f3nico\u00bb field_type=\u00bbemail\u00bb _builder_version=\u00bb3.0.47&#8243;][\/et_pb_contact_field][et_pb_contact_field field_id=\u00bbMessage\u00bb field_title=\u00bbMensaje\u00bb field_type=\u00bbtext\u00bb fullwidth_field=\u00bbon\u00bb _builder_version=\u00bb3.0.47&#8243;][\/et_pb_contact_field][\/et_pb_contact_form][\/et_pb_column][\/et_pb_row][et_pb_row custom_padding=\u00bb27px|0px|0px|0px\u00bb _builder_version=\u00bb3.0.78&#8243;][et_pb_column type=\u00bb4_4&#8243; _builder_version=\u00bb3.0.78&#8243; parallax=\u00bboff\u00bb parallax_method=\u00bbon\u00bb][et_pb_blog fullwidth=\u00bboff\u00bb posts_number=\u00bb3&#8243; include_categories=\u00bb7&#8243; show_author=\u00bboff\u00bb show_date=\u00bboff\u00bb show_categories=\u00bboff\u00bb show_pagination=\u00bboff\u00bb offset_number=\u00bb0&#8243; _builder_version=\u00bb3.0.78&#8243;][\/et_pb_blog][et_pb_button button_url=\u00bbhttp:\/\/version-beta.me\/vidadigital\/blog\u00bb button_text=\u00bbVer todas las noticias\u00bb button_alignment=\u00bbcenter\u00bb _builder_version=\u00bb3.0.78&#8243;][\/et_pb_button][\/et_pb_column][\/et_pb_row][\/et_pb_section]<\/p>\n","protected":false},"excerpt":{"rendered":"<p>Padres y Madres Vida Digital + Segura\u00a0es una iniciativa conjunta de el Instituto Balear de la Juventud (IB-Jove), la Oficina de Defensa de los Derechos del Menor (ODDM), el Instituto para la Convivencia y el \u00c9xito Escolar (Conviv\u00e8xit), el Instituto de Seguridad P\u00fablica de las Islas Baleares (ISPIB), la Guardia Civil y el Cuerpo Nacional [&hellip;]<\/p>\n","protected":false},"author":1,"featured_media":0,"parent":0,"menu_order":0,"comment_status":"closed","ping_status":"closed","template":"","meta":{"_et_pb_use_builder":"on","_et_pb_old_content":"","_et_gb_content_width":""},"yoast_head":"<!-- This site is optimized with the Yoast SEO plugin v18.9 - https:\/\/yoast.com\/wordpress\/plugins\/seo\/ -->\n<title>Padres Madres - Vida Digital + Segura<\/title>\n<meta name=\"robots\" content=\"index, follow, max-snippet:-1, max-image-preview:large, max-video-preview:-1\" \/>\n<link rel=\"canonical\" href=\"https:\/\/vidadigital.eu\/es\/padres-madres\/\" \/>\n<meta property=\"og:locale\" content=\"es_ES\" \/>\n<meta property=\"og:type\" content=\"article\" \/>\n<meta property=\"og:title\" content=\"Padres Madres - Vida Digital + Segura\" \/>\n<meta property=\"og:description\" content=\"Padres y Madres Vida Digital + Segura\u00a0es una iniciativa conjunta de el Instituto Balear de la Juventud (IB-Jove), la Oficina de Defensa de los Derechos del Menor (ODDM), el Instituto para la Convivencia y el \u00c9xito Escolar (Conviv\u00e8xit), el Instituto de Seguridad P\u00fablica de las Islas Baleares (ISPIB), la Guardia Civil y el Cuerpo Nacional [&hellip;]\" \/>\n<meta property=\"og:url\" content=\"https:\/\/vidadigital.eu\/es\/padres-madres\/\" \/>\n<meta property=\"og:site_name\" content=\"Vida Digital + Segura\" \/>\n<meta property=\"article:publisher\" content=\"https:\/\/www.facebook.com\/vidadigitalmessegura\/\" \/>\n<meta property=\"article:modified_time\" content=\"2017-11-27T09:51:25+00:00\" \/>\n<meta name=\"twitter:card\" content=\"summary\" \/>\n<meta name=\"twitter:label1\" content=\"Tiempo de lectura\" \/>\n\t<meta name=\"twitter:data1\" content=\"2 minutos\" \/>\n<script type=\"application\/ld+json\" class=\"yoast-schema-graph\">{\"@context\":\"https:\/\/schema.org\",\"@graph\":[{\"@type\":\"Organization\",\"@id\":\"https:\/\/vidadigital.eu\/#organization\",\"name\":\"IBJove\",\"url\":\"https:\/\/vidadigital.eu\/\",\"sameAs\":[\"https:\/\/www.instagram.com\/vidadigitalmessegura\/\",\"https:\/\/www.facebook.com\/vidadigitalmessegura\/\"],\"logo\":{\"@type\":\"ImageObject\",\"inLanguage\":\"es\",\"@id\":\"https:\/\/vidadigital.eu\/#\/schema\/logo\/image\/\",\"url\":\"http:\/\/vidadigital.eu\/wp-content\/uploads\/2017\/10\/lg-ibjove.png\",\"contentUrl\":\"http:\/\/vidadigital.eu\/wp-content\/uploads\/2017\/10\/lg-ibjove.png\",\"width\":200,\"height\":96,\"caption\":\"IBJove\"},\"image\":{\"@id\":\"https:\/\/vidadigital.eu\/#\/schema\/logo\/image\/\"}},{\"@type\":\"WebSite\",\"@id\":\"https:\/\/vidadigital.eu\/#website\",\"url\":\"https:\/\/vidadigital.eu\/\",\"name\":\"Vida Digital + Segura\",\"description\":\"Govern Illes Balears\",\"publisher\":{\"@id\":\"https:\/\/vidadigital.eu\/#organization\"},\"potentialAction\":[{\"@type\":\"SearchAction\",\"target\":{\"@type\":\"EntryPoint\",\"urlTemplate\":\"https:\/\/vidadigital.eu\/?s={search_term_string}\"},\"query-input\":\"required name=search_term_string\"}],\"inLanguage\":\"es\"},{\"@type\":\"WebPage\",\"@id\":\"https:\/\/vidadigital.eu\/es\/padres-madres\/#webpage\",\"url\":\"https:\/\/vidadigital.eu\/es\/padres-madres\/\",\"name\":\"Padres Madres - Vida Digital + Segura\",\"isPartOf\":{\"@id\":\"https:\/\/vidadigital.eu\/#website\"},\"datePublished\":\"2017-11-13T08:11:58+00:00\",\"dateModified\":\"2017-11-27T09:51:25+00:00\",\"breadcrumb\":{\"@id\":\"https:\/\/vidadigital.eu\/es\/padres-madres\/#breadcrumb\"},\"inLanguage\":\"es\",\"potentialAction\":[{\"@type\":\"ReadAction\",\"target\":[\"https:\/\/vidadigital.eu\/es\/padres-madres\/\"]}]},{\"@type\":\"BreadcrumbList\",\"@id\":\"https:\/\/vidadigital.eu\/es\/padres-madres\/#breadcrumb\",\"itemListElement\":[{\"@type\":\"ListItem\",\"position\":1,\"name\":\"Portada\",\"item\":\"https:\/\/vidadigital.eu\/es\/\"},{\"@type\":\"ListItem\",\"position\":2,\"name\":\"Padres Madres\"}]}]}<\/script>\n<!-- \/ Yoast SEO plugin. -->","yoast_head_json":{"title":"Padres Madres - Vida Digital + Segura","robots":{"index":"index","follow":"follow","max-snippet":"max-snippet:-1","max-image-preview":"max-image-preview:large","max-video-preview":"max-video-preview:-1"},"canonical":"https:\/\/vidadigital.eu\/es\/padres-madres\/","og_locale":"es_ES","og_type":"article","og_title":"Padres Madres - Vida Digital + Segura","og_description":"Padres y Madres Vida Digital + Segura\u00a0es una iniciativa conjunta de el Instituto Balear de la Juventud (IB-Jove), la Oficina de Defensa de los Derechos del Menor (ODDM), el Instituto para la Convivencia y el \u00c9xito Escolar (Conviv\u00e8xit), el Instituto de Seguridad P\u00fablica de las Islas Baleares (ISPIB), la Guardia Civil y el Cuerpo Nacional [&hellip;]","og_url":"https:\/\/vidadigital.eu\/es\/padres-madres\/","og_site_name":"Vida Digital + Segura","article_publisher":"https:\/\/www.facebook.com\/vidadigitalmessegura\/","article_modified_time":"2017-11-27T09:51:25+00:00","twitter_card":"summary","twitter_misc":{"Tiempo de lectura":"2 minutos"},"schema":{"@context":"https:\/\/schema.org","@graph":[{"@type":"Organization","@id":"https:\/\/vidadigital.eu\/#organization","name":"IBJove","url":"https:\/\/vidadigital.eu\/","sameAs":["https:\/\/www.instagram.com\/vidadigitalmessegura\/","https:\/\/www.facebook.com\/vidadigitalmessegura\/"],"logo":{"@type":"ImageObject","inLanguage":"es","@id":"https:\/\/vidadigital.eu\/#\/schema\/logo\/image\/","url":"http:\/\/vidadigital.eu\/wp-content\/uploads\/2017\/10\/lg-ibjove.png","contentUrl":"http:\/\/vidadigital.eu\/wp-content\/uploads\/2017\/10\/lg-ibjove.png","width":200,"height":96,"caption":"IBJove"},"image":{"@id":"https:\/\/vidadigital.eu\/#\/schema\/logo\/image\/"}},{"@type":"WebSite","@id":"https:\/\/vidadigital.eu\/#website","url":"https:\/\/vidadigital.eu\/","name":"Vida Digital + Segura","description":"Govern Illes Balears","publisher":{"@id":"https:\/\/vidadigital.eu\/#organization"},"potentialAction":[{"@type":"SearchAction","target":{"@type":"EntryPoint","urlTemplate":"https:\/\/vidadigital.eu\/?s={search_term_string}"},"query-input":"required name=search_term_string"}],"inLanguage":"es"},{"@type":"WebPage","@id":"https:\/\/vidadigital.eu\/es\/padres-madres\/#webpage","url":"https:\/\/vidadigital.eu\/es\/padres-madres\/","name":"Padres Madres - Vida Digital + Segura","isPartOf":{"@id":"https:\/\/vidadigital.eu\/#website"},"datePublished":"2017-11-13T08:11:58+00:00","dateModified":"2017-11-27T09:51:25+00:00","breadcrumb":{"@id":"https:\/\/vidadigital.eu\/es\/padres-madres\/#breadcrumb"},"inLanguage":"es","potentialAction":[{"@type":"ReadAction","target":["https:\/\/vidadigital.eu\/es\/padres-madres\/"]}]},{"@type":"BreadcrumbList","@id":"https:\/\/vidadigital.eu\/es\/padres-madres\/#breadcrumb","itemListElement":[{"@type":"ListItem","position":1,"name":"Portada","item":"https:\/\/vidadigital.eu\/es\/"},{"@type":"ListItem","position":2,"name":"Padres Madres"}]}]}},"_links":{"self":[{"href":"https:\/\/vidadigital.eu\/es\/wp-json\/wp\/v2\/pages\/298"}],"collection":[{"href":"https:\/\/vidadigital.eu\/es\/wp-json\/wp\/v2\/pages"}],"about":[{"href":"https:\/\/vidadigital.eu\/es\/wp-json\/wp\/v2\/types\/page"}],"author":[{"embeddable":true,"href":"https:\/\/vidadigital.eu\/es\/wp-json\/wp\/v2\/users\/1"}],"replies":[{"embeddable":true,"href":"https:\/\/vidadigital.eu\/es\/wp-json\/wp\/v2\/comments?post=298"}],"version-history":[{"count":6,"href":"https:\/\/vidadigital.eu\/es\/wp-json\/wp\/v2\/pages\/298\/revisions"}],"predecessor-version":[{"id":459,"href":"https:\/\/vidadigital.eu\/es\/wp-json\/wp\/v2\/pages\/298\/revisions\/459"}],"wp:attachment":[{"href":"https:\/\/vidadigital.eu\/es\/wp-json\/wp\/v2\/media?parent=298"}],"curies":[{"name":"wp","href":"https:\/\/api.w.org\/{rel}","templated":true}]}}

<p>[et_pb_section fb_built=»1&#8243; _builder_version=»3.0.78&#8243; use_background_color_gradient=»on» background_color_gradient_start=»#ffffff» background_color_gradient_end=»#E1E7F3&#8243;][et_pb_row _builder_version=»3.0.78&#8243;][et_pb_column type=»1_2&#8243; _builder_version=»3.0.78&#8243; parallax=»off» parallax_method=»on»][et_pb_text _builder_version=»3.0.78&#8243;]</p>
<h1>Padres y Madres</h1>
<p><strong style="color: #627aba;">Vida Digital + Segura</strong> es una iniciativa conjunta de el Instituto Balear de la Juventud (IB-Jove), la Oficina de Defensa de los Derechos del Menor (ODDM), el Instituto para la Convivencia y el Éxito Escolar (Convivèxit), el Instituto de Seguridad Pública de las Islas Baleares (ISPIB), la Guardia Civil y el Cuerpo Nacional de Policía.</p>
<p>Nuestro objetivo es ayudarte a resolver posibles conflictos o problemas que le pueden ir surgiendo a tus hijos mientras usan Internet. Así como conseguir que usen las tecnologías de la forma más satisfactoria posible y ofrecerte recomendaciones sobre el uso seguro de las diferentes herramientas.[/et_pb_text][/et_pb_column][et_pb_column type=»1_2&#8243; _builder_version=»3.0.78&#8243; parallax=»off» parallax_method=»on»][et_pb_contact_form title=»Escríbenos!» form_background_color=»#ffffff» module_id=»et_pb_contact_form_0&#8243; _builder_version=»3.0.78&#8243; use_border_color=»on» border_color=»rgba(143,171,193,0.5)» border_width=»2px»][et_pb_contact_field field_id=»Name» field_title=»Nombre (Opcional)» required_mark=»off» _builder_version=»3.0.78&#8243;][/et_pb_contact_field][et_pb_contact_field field_id=»Email» field_title=»Dirección de correo electrónico» field_type=»email» _builder_version=»3.0.47&#8243;][/et_pb_contact_field][et_pb_contact_field field_id=»Message» field_title=»Mensaje» field_type=»text» fullwidth_field=»on» _builder_version=»3.0.47&#8243;][/et_pb_contact_field][/et_pb_contact_form][/et_pb_column][/et_pb_row][et_pb_row custom_padding=»27px|0px|0px|0px» _builder_version=»3.0.78&#8243;][et_pb_column type=»4_4&#8243; _builder_version=»3.0.78&#8243; parallax=»off» parallax_method=»on»][et_pb_blog fullwidth=»off» posts_number=»3&#8243; include_categories=»7&#8243; show_author=»off» show_date=»off» show_categories=»off» show_pagination=»off» offset_number=»0&#8243; _builder_version=»3.0.78&#8243;][/et_pb_blog][et_pb_button button_url=»http://version-beta.me/vidadigital/blog» button_text=»Ver todas las noticias» button_alignment=»center» _builder_version=»3.0.78&#8243;][/et_pb_button][/et_pb_column][/et_pb_row][/et_pb_section]</p>

<p>Padres y Madres Vida Digital + Segura es una iniciativa conjunta de el Instituto Balear de la Juventud (IB-Jove), la Oficina de Defensa de los Derechos del Menor (ODDM), el Instituto para la Convivencia y el Éxito Escolar (Convivèxit), el Instituto de Seguridad Pública de las Islas Baleares (ISPIB), la Guardia Civil y el Cuerpo Nacional [&hellip;]</p>

<!-- This site is optimized with the Yoast SEO plugin v18.9 - https://yoast.com/wordpress/plugins/seo/ -->
<title>Padres Madres - Vida Digital + Segura</title>
<meta name="robots" content="index, follow, max-snippet:-1, max-image-preview:large, max-video-preview:-1" />
<link rel="canonical" href="https://vidadigital.eu/es/padres-madres/" />
<meta property="og:locale" content="es_ES" />
<meta property="og:type" content="article" />
<meta property="og:title" content="Padres Madres - Vida Digital + Segura" />
<meta property="og:description" content="Padres y Madres Vida Digital + Segura es una iniciativa conjunta de el Instituto Balear de la Juventud (IB-Jove), la Oficina de Defensa de los Derechos del Menor (ODDM), el Instituto para la Convivencia y el Éxito Escolar (Convivèxit), el Instituto de Seguridad Pública de las Islas Baleares (ISPIB), la Guardia Civil y el Cuerpo Nacional [&hellip;]" />
<meta property="og:url" content="https://vidadigital.eu/es/padres-madres/" />
<meta property="og:site_name" content="Vida Digital + Segura" />
<meta property="article:publisher" content="https://www.facebook.com/vidadigitalmessegura/" />
<meta property="article:modified_time" content="2017-11-27T09:51:25+00:00" />
<meta name="twitter:card" content="summary" />
<meta name="twitter:label1" content="Tiempo de lectura" />
	<meta name="twitter:data1" content="2 minutos" />
<script type="application/ld+json" class="yoast-schema-graph">{"@context":"https://schema.org","@graph":[{"@type":"Organization","@id":"https://vidadigital.eu/#organization","name":"IBJove","url":"https://vidadigital.eu/","sameAs":["https://www.instagram.com/vidadigitalmessegura/","https://www.facebook.com/vidadigitalmessegura/"],"logo":{"@type":"ImageObject","inLanguage":"es","@id":"https://vidadigital.eu/#/schema/logo/image/","url":"http://vidadigital.eu/wp-content/uploads/2017/10/lg-ibjove.png","contentUrl":"http://vidadigital.eu/wp-content/uploads/2017/10/lg-ibjove.png","width":200,"height":96,"caption":"IBJove"},"image":{"@id":"https://vidadigital.eu/#/schema/logo/image/"}},{"@type":"WebSite","@id":"https://vidadigital.eu/#website","url":"https://vidadigital.eu/","name":"Vida Digital + Segura","description":"Govern Illes Balears","publisher":{"@id":"https://vidadigital.eu/#organization"},"potentialAction":[{"@type":"SearchAction","target":{"@type":"EntryPoint","urlTemplate":"https://vidadigital.eu/?s={search_term_string}"},"query-input":"required name=search_term_string"}],"inLanguage":"es"},{"@type":"WebPage","@id":"https://vidadigital.eu/es/padres-madres/#webpage","url":"https://vidadigital.eu/es/padres-madres/","name":"Padres Madres - Vida Digital + Segura","isPartOf":{"@id":"https://vidadigital.eu/#website"},"datePublished":"2017-11-13T08:11:58+00:00","dateModified":"2017-11-27T09:51:25+00:00","breadcrumb":{"@id":"https://vidadigital.eu/es/padres-madres/#breadcrumb"},"inLanguage":"es","potentialAction":[{"@type":"ReadAction","target":["https://vidadigital.eu/es/padres-madres/"]}]},{"@type":"BreadcrumbList","@id":"https://vidadigital.eu/es/padres-madres/#breadcrumb","itemListElement":[{"@type":"ListItem","position":1,"name":"Portada","item":"https://vidadigital.eu/es/"},{"@type":"ListItem","position":2,"name":"Padres Madres"}]}]}</script>
<!-- / Yoast SEO plugin. -->

Padres y Madres Vida Digital + Segura es una iniciativa conjunta de el Instituto Balear de la Juventud (IB-Jove), la Oficina de Defensa de los Derechos del Menor (ODDM), el Instituto para la Convivencia y el Éxito Escolar (Convivèxit), el Instituto de Seguridad Pública de las Islas Baleares (ISPIB), la Guardia Civil y el Cuerpo Nacional [&hellip;]
